{"id":1334,"date":"2018-10-12T10:24:10","date_gmt":"2018-10-12T08:24:10","guid":{"rendered":"http:\/\/hotello-demo.loc\/esperanza\/?page_id=1334"},"modified":"2023-01-23T10:18:12","modified_gmt":"2023-01-23T09:18:12","slug":"tourisme","status":"publish","type":"page","link":"https:\/\/mas-fandelou.com\/index.php\/tourisme\/","title":{"rendered":"Visitez la r\u00e9gion"},"content":{"rendered":"<p>[vc_section][vc_row][vc_column][vc_column_text]Le Mas Fandelou est id\u00e9alement situ\u00e9 pr\u00e8s de la m\u00e9diterran\u00e9e. Aux alentours, de belles villes au pass\u00e9 historique et \u00e0 la beaut\u00e9 architecturale et de magnifiques mus\u00e9es enrichiront votre s\u00e9jour.<\/p>\n<p>En quelques minutes, les plages de sable fin, Arles, marais salants d&#8217;Aigues-Mortes, taureaux, chevaux de Camargue et autres flamants roses vous \u00e9merveilleront.<\/p>\n<p>M\u00e9lissa se fera un plaisir de vous pr\u00e9senter les visites incontournables selon vos envies mais voici quelques id\u00e9es de balades touristiques pour pr\u00e9parer votre s\u00e9jour &#8230;[\/vc_column_text][stm_spacer height=&#8221;73&#8243; height_tablet=&#8221;60&#8243; height_mobile=&#8221;40&#8243;][\/vc_column][\/vc_row][vc_row full_height=&#8221;yes&#8221; equal_height=&#8221;yes&#8221; shadow_x_offset=&#8221;0&#8243; shadow_y_offset=&#8221;0&#8243; shadow_blur=&#8221;0&#8243; shadow_spread=&#8221;0&#8243; shadow_color=&#8221;&#8221; stm_transparent_bg=&#8221;#fdf2d2&#8243;][vc_column width=&#8221;1\/4&#8243;][stm_spacer height=&#8221;80&#8243; height_tablet=&#8221;60&#8243; height_mobile=&#8221;40&#8243;][vc_column_text]<\/p>\n<h4 style=\"text-align: center;\">Les Saintes Maries de la Mer<\/h4>\n<p>[\/vc_column_text][vc_single_image image=&#8221;1720&#8243; img_size=&#8221;full&#8221;][vc_column_text]Notre &#8220;capitale&#8221; de la Camargue !<\/p>\n<p>Venez fl\u00e2ner dans ses ruelles pav\u00e9es aux demeures blanches &#8230; Du haut de l&#8217;\u00e9glise, la vue survole les toitures des maisons et vous porte jusqu&#8217;\u00e0 la mer, bleue, grise &#8230; selon la m\u00e9t\u00e9o du jour \ud83d\ude09<\/p>\n<p><a href=\"http:\/\/www.saintesmaries.com\/fr\/\" target=\"_blank\" rel=\"noopener noreferrer\">Site de l&#8217;office du tourisme, CLIC ICI<\/a>[\/vc_column_text][\/vc_column][vc_column width=&#8221;1\/4&#8243;][stm_spacer height=&#8221;80&#8243; height_tablet=&#8221;60&#8243; height_mobile=&#8221;40&#8243;][vc_column_text]<\/p>\n<h4 style=\"text-align: center;\">Arles<\/h4>\n<p>[\/vc_column_text][stm_spacer height=&#8221;28&#8243;][vc_single_image image=&#8221;1443&#8243; img_size=&#8221;full&#8221;][vc_column_text]Situ\u00e9e sur le Rh\u00f4ne, son centre ville et ses petites ruelles vous raviront.\u00a0 Arles, source d&#8217;inspiration de Vincent Van Gogh h\u00e9berge la fondation du m\u00eame nom.<br \/>\nDepuis ses c\u00e9l\u00e8bres ar\u00e8nes jusqu&#8217;au festival de la photographie, c&#8217;est un haut lieu culturel \u00e0 d\u00e9couvrir.<\/p>\n<p><a href=\"http:\/\/www.saintesmaries.com\/fr\/\" target=\"_blank\" rel=\"noopener noreferrer\">Site de l&#8217;office du tourisme, CLIC ICI<\/a>[\/vc_column_text][\/vc_column][vc_column width=&#8221;1\/4&#8243;][stm_spacer height=&#8221;80&#8243; height_tablet=&#8221;60&#8243; height_mobile=&#8221;40&#8243;][vc_column_text]<\/p>\n<h4 style=\"text-align: center;\">Pont de Gau<\/h4>\n<p>[\/vc_column_text][stm_spacer height=&#8221;28&#8243;][vc_single_image image=&#8221;1448&#8243; img_size=&#8221;full&#8221;][stm_spacer height=&#8221;28&#8243;][vc_column_text]Amoureux des oiseaux ou pas, vous serez \u00e9merveill\u00e9s par le Parc Ornithologique du Pont de Gau.<br \/>\nH\u00e9rons, aigrettes et flamants roses y sont pr\u00e9sents toute l&#8217;ann\u00e9e ainsi que de nombreuses autres esp\u00e8ces selon les saisons.<br \/>\nDes espaces naturels prot\u00e9g\u00e9s d&#8217;o\u00f9 vous pourrez les observer au plus pr\u00e8s.<\/p>\n<p><a href=\"https:\/\/www.parcornithologique.com\/\" target=\"_blank\" rel=\"noopener noreferrer\">Site du parc ornithologique, CLIC ICI<\/a>[\/vc_column_text][\/vc_column][vc_column width=&#8221;1\/4&#8243;][stm_spacer height=&#8221;80&#8243; height_tablet=&#8221;60&#8243; height_mobile=&#8221;40&#8243;][vc_column_text]<\/p>\n<h4 style=\"text-align: center;\">Promenade dans les marais<\/h4>\n<p>[\/vc_column_text][vc_single_image image=&#8221;1457&#8243; img_size=&#8221;full&#8221;][vc_column_text]A bord du TIKI III, bateau typique \u00e0 roue,\u00a0 vous visiterez des paysages accessibles seulement par l\u2019eau, de l\u2019embouchure du Petit Rh\u00f4ne<br \/>\nau Bac du Sauvage.<\/p>\n<p>Une fa\u00e7on originale de d\u00e9couvrir notre belle Camargue<\/p>\n<p><a href=\"https:\/\/www.tiki3.fr\/\" target=\"_blank\" rel=\"noopener noreferrer\">Site du Tiki3, CLIC ICI<\/a>[\/vc_column_text][\/vc_column][\/vc_row][vc_row][vc_column][stm_spacer height=&#8221;80&#8243; height_tablet=&#8221;60&#8243; height_mobile=&#8221;40&#8243;][\/vc_column][\/vc_row][vc_row equal_height=&#8221;yes&#8221; shadow_x_offset=&#8221;0&#8243; shadow_y_offset=&#8221;0&#8243; shadow_blur=&#8221;0&#8243; shadow_spread=&#8221;0&#8243; shadow_color=&#8221;&#8221; stm_transparent_bg=&#8221;#fdf2d2&#8243;][vc_column width=&#8221;1\/4&#8243;][stm_spacer height=&#8221;80&#8243; height_tablet=&#8221;60&#8243; height_mobile=&#8221;40&#8243;][vc_column_text]<\/p>\n<h4 style=\"text-align: center;\">Aigues-Mortes<\/h4>\n<p>[\/vc_column_text][stm_spacer height=&#8221;28&#8243;][vc_single_image image=&#8221;1446&#8243; img_size=&#8221;full&#8221;][stm_spacer height=&#8221;28&#8243;][vc_column_text]La cit\u00e9 m\u00e9di\u00e9vale prot\u00e9g\u00e9e par ses remparts est un haut lieu touristique \u00e0 d\u00e9couvrir.<br \/>\nDepuis ses ruelles \u00e9troites pav\u00e9es, sa tour de Constance jusqu&#8217;aux plus grands salins de M\u00e9diterran\u00e9e o\u00f9 l&#8217;on r\u00e9colte de sel depuis l\u2019antiquit\u00e9.<\/p>\n<p><a href=\"https:\/\/ot-aiguesmortes.com\/\" target=\"_blank\" rel=\"noopener noreferrer\">Site de l&#8217;office du tourisme, CLIC ICI<\/a>[\/vc_column_text][\/vc_column][vc_column width=&#8221;1\/4&#8243;][stm_spacer height=&#8221;80&#8243; height_tablet=&#8221;60&#8243; height_mobile=&#8221;40&#8243;][vc_column_text]<\/p>\n<h4 style=\"text-align: center;\">Les Baux de Provence<\/h4>\n<p>[\/vc_column_text][stm_spacer height=&#8221;28&#8243;][vc_single_image image=&#8221;1458&#8243; img_size=&#8221;full&#8221;][vc_column_text]Cite class\u00e9 au sein du Parc r\u00e9gional des Alpilles, son architecture est \u00e9troitement li\u00e9e aux diverses occupations humaines du pass\u00e9.<br \/>\nSa cath\u00e9drale d&#8217;image, la vue sur les collines proven\u00e7ales et ses nombreux secrets grav\u00e9s ici et l\u00e0 dans ses pierres vous attendent &#8230;<\/p>\n<p><a href=\"http:\/\/www.lesbauxdeprovence.com\/fr\" target=\"_blank\" rel=\"noopener noreferrer\">Site de l&#8217;office du tourisme, CLIC ICI<\/a>[\/vc_column_text][\/vc_column][vc_column width=&#8221;1\/4&#8243;][stm_spacer height=&#8221;80&#8243; height_tablet=&#8221;60&#8243; height_mobile=&#8221;40&#8243;][vc_column_text]<\/p>\n<h4 style=\"text-align: center;\">Promenade \u00e0 cheval<\/h4>\n<p>[\/vc_column_text][stm_spacer height=&#8221;28&#8243;][vc_single_image image=&#8221;1574&#8243; img_size=&#8221;full&#8221;][vc_column_text]Dans un cadre typique et authentique de Camargue, au bord de l&#8217;\u00e9tang du Vaccar\u00e8s, en pleine r\u00e9serve naturelle, diff\u00e9rents parcours vous sont propos\u00e9s par les cabanes de Cacharel. A cheval et en cal\u00e8che, vous d\u00e9couvrirez de merveilleux paysages sauvages (roseli\u00e8res, sansouires, marais, \u00e9tangs&#8230; )<\/p>\n<p><a href=\"http:\/\/www.camargueacheval.com\/promenade-cheval-camargue.html\" target=\"_blank\" rel=\"noopener noreferrer\">Site des cabanes de Cacharel, CLIC ICI<\/a>[\/vc_column_text][\/vc_column][vc_column width=&#8221;1\/4&#8243;][stm_spacer height=&#8221;80&#8243; height_tablet=&#8221;60&#8243; height_mobile=&#8221;40&#8243;][vc_column_text]<\/p>\n<h4 style=\"text-align: center;\">Visite de Manade<\/h4>\n<p>[\/vc_column_text][stm_spacer height=&#8221;28&#8243;][vc_single_image image=&#8221;1721&#8243; img_size=&#8221;full&#8221;][vc_column_text]Au c\u0153ur de la manade Saint Louis, en toute s\u00e9curit\u00e9 et accompagn\u00e9 par le manadier en personne ; il vous expliquera son m\u00e9tier et celui de ses gardians.<br \/>\nVous saurez tout sur l&#8217;\u00e9levage des taureaux de Camargue et les traditions Camarguaises.<\/p>\n<p><a href=\"https:\/\/www.manade-saint-louis.com\/\" target=\"_blank\" rel=\"noopener noreferrer\">Site de la manade, CLIC ICI<\/a>[\/vc_column_text][\/vc_column][\/vc_row][vc_row equal_height=&#8221;yes&#8221; shadow_x_offset=&#8221;0&#8243; shadow_y_offset=&#8221;0&#8243; shadow_blur=&#8221;0&#8243; shadow_spread=&#8221;0&#8243; shadow_color=&#8221;&#8221; stm_transparent_bg=&#8221;#fdf2d2&#8243;][vc_column width=&#8221;1\/4&#8243;][stm_spacer height=&#8221;80&#8243; height_tablet=&#8221;60&#8243; height_mobile=&#8221;40&#8243;][stm_spacer height=&#8221;28&#8243;][\/vc_column][vc_column width=&#8221;1\/4&#8243;][stm_spacer height=&#8221;80&#8243; height_tablet=&#8221;60&#8243; height_mobile=&#8221;40&#8243;][\/vc_column][vc_column width=&#8221;1\/4&#8243;][stm_spacer height=&#8221;80&#8243; height_tablet=&#8221;60&#8243; height_mobile=&#8221;40&#8243;][\/vc_column][vc_column width=&#8221;1\/4&#8243;][stm_spacer height=&#8221;80&#8243; height_tablet=&#8221;60&#8243; height_mobile=&#8221;40&#8243;][vc_column_text]<\/p>\n<h4 style=\"text-align: center;\">Randonn\u00e9es \u00e0 cheval<\/h4>\n<p>[\/vc_column_text][stm_spacer height=&#8221;28&#8243;][vc_single_image image=&#8221;4007&#8243; img_size=&#8221;full&#8221;][vc_column_text]Un coucher du soleil flamboyant, un galop caressant le sable et les vagues \u00e9chou\u00e9es sur la plages, un vol de flamants roses et tant d\u2019autres \u00e9motions, la Camargue offre chaque jour un magnifique spectacle.<br \/>\nEthique, environnement et respect du cheval, le nombre de cavaliers est limit\u00e9 pour privil\u00e9gier la qualit\u00e9 de la prestation.<\/p>\n<p><a href=\"https:\/\/www.provenceweb.fr\/13\/promenade-rieges\/presentation.htm\" target=\"_blank\" rel=\"noopener\">R\u00e9servation anticip\u00e9e vivement conseill\u00e9e CLIC ICI\u00a0<\/a><\/p>\n<p>&nbsp;<\/p>\n<p>&nbsp;[\/vc_column_text][\/vc_column][\/vc_row][vc_row][vc_column][stm_spacer height=&#8221;80&#8243; height_tablet=&#8221;60&#8243; height_mobile=&#8221;40&#8243;][\/vc_column][\/vc_row][vc_row][vc_column][\/vc_column][\/vc_row][\/vc_section]<\/p>\n","protected":false},"excerpt":{"rendered":"<p>[vc_section][vc_row][vc_column][vc_column_text]Le Mas Fandelou est id\u00e9alement situ\u00e9 pr\u00e8s de la m\u00e9diterran\u00e9e. Aux alentours, de belles villes au pass\u00e9 historique et \u00e0 la beaut\u00e9 architecturale et de magnifiques mus\u00e9es enrichiront votre s\u00e9jour. En quelques minutes, les plages de sable fin, Arles, marais salants d&#8217;Aigues-Mortes, taureaux, chevaux de Camargue et autres flamants roses vous \u00e9merveilleront. M\u00e9lissa se fera [&hellip;]<\/p>\n","protected":false},"author":1,"featured_media":0,"parent":0,"menu_order":0,"comment_status":"closed","ping_status":"closed","template":"","meta":{"_exactmetrics_skip_tracking":false,"_exactmetrics_sitenote_active":false,"_exactmetrics_sitenote_note":"","_exactmetrics_sitenote_category":0},"_links":{"self":[{"href":"https:\/\/mas-fandelou.com\/index.php\/wp-json\/wp\/v2\/pages\/1334"}],"collection":[{"href":"https:\/\/mas-fandelou.com\/index.php\/wp-json\/wp\/v2\/pages"}],"about":[{"href":"https:\/\/mas-fandelou.com\/index.php\/wp-json\/wp\/v2\/types\/page"}],"author":[{"embeddable":true,"href":"https:\/\/mas-fandelou.com\/index.php\/wp-json\/wp\/v2\/users\/1"}],"replies":[{"embeddable":true,"href":"https:\/\/mas-fandelou.com\/index.php\/wp-json\/wp\/v2\/comments?post=1334"}],"version-history":[{"count":45,"href":"https:\/\/mas-fandelou.com\/index.php\/wp-json\/wp\/v2\/pages\/1334\/revisions"}],"predecessor-version":[{"id":4009,"href":"https:\/\/mas-fandelou.com\/index.php\/wp-json\/wp\/v2\/pages\/1334\/revisions\/4009"}],"wp:attachment":[{"href":"https:\/\/mas-fandelou.com\/index.php\/wp-json\/wp\/v2\/media?parent=1334"}],"curies":[{"name":"wp","href":"https:\/\/api.w.org\/{rel}","templated":true}]}}

Visitez la région

<p>[vc_section][vc_row][vc_column][vc_column_text]Le Mas Fandelou est idéalement situé près de la méditerranée. Aux alentours, de belles villes au passé historique et à la beauté architecturale et de magnifiques musées enrichiront votre séjour.</p>
<p>En quelques minutes, les plages de sable fin, Arles, marais salants d&#8217;Aigues-Mortes, taureaux, chevaux de Camargue et autres flamants roses vous émerveilleront.</p>
<p>Mélissa se fera un plaisir de vous présenter les visites incontournables selon vos envies mais voici quelques idées de balades touristiques pour préparer votre séjour &#8230;[/vc_column_text][stm_spacer height=&#8221;73&#8243; height_tablet=&#8221;60&#8243; height_mobile=&#8221;40&#8243;][/vc_column][/vc_row][vc_row full_height=&#8221;yes&#8221; equal_height=&#8221;yes&#8221; shadow_x_offset=&#8221;0&#8243; shadow_y_offset=&#8221;0&#8243; shadow_blur=&#8221;0&#8243; shadow_spread=&#8221;0&#8243; shadow_color=&#8221;&#8221; stm_transparent_bg=&#8221;#fdf2d2&#8243;][vc_column width=&#8221;1/4&#8243;][stm_spacer height=&#8221;80&#8243; height_tablet=&#8221;60&#8243; height_mobile=&#8221;40&#8243;][vc_column_text]</p>
<h4 style="text-align: center;">Les Saintes Maries de la Mer</h4>
<p>[/vc_column_text][vc_single_image image=&#8221;1720&#8243; img_size=&#8221;full&#8221;][vc_column_text]Notre &#8220;capitale&#8221; de la Camargue !</p>
<p>Venez flâner dans ses ruelles pavées aux demeures blanches &#8230; Du haut de l&#8217;église, la vue survole les toitures des maisons et vous porte jusqu&#8217;à la mer, bleue, grise &#8230; selon la météo du jour 😉</p>
<p><a href="http://www.saintesmaries.com/fr/" target="_blank" rel="noopener noreferrer">Site de l&#8217;office du tourisme, CLIC ICI</a>[/vc_column_text][/vc_column][vc_column width=&#8221;1/4&#8243;][stm_spacer height=&#8221;80&#8243; height_tablet=&#8221;60&#8243; height_mobile=&#8221;40&#8243;][vc_column_text]</p>
<h4 style="text-align: center;">Arles</h4>
<p>[/vc_column_text][stm_spacer height=&#8221;28&#8243;][vc_single_image image=&#8221;1443&#8243; img_size=&#8221;full&#8221;][vc_column_text]Située sur le Rhône, son centre ville et ses petites ruelles vous raviront.  Arles, source d&#8217;inspiration de Vincent Van Gogh héberge la fondation du même nom.<br />
Depuis ses célèbres arènes jusqu&#8217;au festival de la photographie, c&#8217;est un haut lieu culturel à découvrir.</p>
<p><a href="http://www.saintesmaries.com/fr/" target="_blank" rel="noopener noreferrer">Site de l&#8217;office du tourisme, CLIC ICI</a>[/vc_column_text][/vc_column][vc_column width=&#8221;1/4&#8243;][stm_spacer height=&#8221;80&#8243; height_tablet=&#8221;60&#8243; height_mobile=&#8221;40&#8243;][vc_column_text]</p>
<h4 style="text-align: center;">Pont de Gau</h4>
<p>[/vc_column_text][stm_spacer height=&#8221;28&#8243;][vc_single_image image=&#8221;1448&#8243; img_size=&#8221;full&#8221;][stm_spacer height=&#8221;28&#8243;][vc_column_text]Amoureux des oiseaux ou pas, vous serez émerveillés par le Parc Ornithologique du Pont de Gau.<br />
Hérons, aigrettes et flamants roses y sont présents toute l&#8217;année ainsi que de nombreuses autres espèces selon les saisons.<br />
Des espaces naturels protégés d&#8217;où vous pourrez les observer au plus près.</p>
<p><a href="https://www.parcornithologique.com/" target="_blank" rel="noopener noreferrer">Site du parc ornithologique, CLIC ICI</a>[/vc_column_text][/vc_column][vc_column width=&#8221;1/4&#8243;][stm_spacer height=&#8221;80&#8243; height_tablet=&#8221;60&#8243; height_mobile=&#8221;40&#8243;][vc_column_text]</p>
<h4 style="text-align: center;">Promenade dans les marais</h4>
<p>[/vc_column_text][vc_single_image image=&#8221;1457&#8243; img_size=&#8221;full&#8221;][vc_column_text]A bord du TIKI III, bateau typique à roue,  vous visiterez des paysages accessibles seulement par l’eau, de l’embouchure du Petit Rhône<br />
au Bac du Sauvage.</p>
<p>Une façon originale de découvrir notre belle Camargue</p>
<p><a href="https://www.tiki3.fr/" target="_blank" rel="noopener noreferrer">Site du Tiki3, CLIC ICI</a>[/vc_column_text][/vc_column][/vc_row][vc_row][vc_column][stm_spacer height=&#8221;80&#8243; height_tablet=&#8221;60&#8243; height_mobile=&#8221;40&#8243;][/vc_column][/vc_row][vc_row equal_height=&#8221;yes&#8221; shadow_x_offset=&#8221;0&#8243; shadow_y_offset=&#8221;0&#8243; shadow_blur=&#8221;0&#8243; shadow_spread=&#8221;0&#8243; shadow_color=&#8221;&#8221; stm_transparent_bg=&#8221;#fdf2d2&#8243;][vc_column width=&#8221;1/4&#8243;][stm_spacer height=&#8221;80&#8243; height_tablet=&#8221;60&#8243; height_mobile=&#8221;40&#8243;][vc_column_text]</p>
<h4 style="text-align: center;">Aigues-Mortes</h4>
<p>[/vc_column_text][stm_spacer height=&#8221;28&#8243;][vc_single_image image=&#8221;1446&#8243; img_size=&#8221;full&#8221;][stm_spacer height=&#8221;28&#8243;][vc_column_text]La cité médiévale protégée par ses remparts est un haut lieu touristique à découvrir.<br />
Depuis ses ruelles étroites pavées, sa tour de Constance jusqu&#8217;aux plus grands salins de Méditerranée où l&#8217;on récolte de sel depuis l’antiquité.</p>
<p><a href="https://ot-aiguesmortes.com/" target="_blank" rel="noopener noreferrer">Site de l&#8217;office du tourisme, CLIC ICI</a>[/vc_column_text][/vc_column][vc_column width=&#8221;1/4&#8243;][stm_spacer height=&#8221;80&#8243; height_tablet=&#8221;60&#8243; height_mobile=&#8221;40&#8243;][vc_column_text]</p>
<h4 style="text-align: center;">Les Baux de Provence</h4>
<p>[/vc_column_text][stm_spacer height=&#8221;28&#8243;][vc_single_image image=&#8221;1458&#8243; img_size=&#8221;full&#8221;][vc_column_text]Cite classé au sein du Parc régional des Alpilles, son architecture est étroitement liée aux diverses occupations humaines du passé.<br />
Sa cathédrale d&#8217;image, la vue sur les collines provençales et ses nombreux secrets gravés ici et là dans ses pierres vous attendent &#8230;</p>
<p><a href="http://www.lesbauxdeprovence.com/fr" target="_blank" rel="noopener noreferrer">Site de l&#8217;office du tourisme, CLIC ICI</a>[/vc_column_text][/vc_column][vc_column width=&#8221;1/4&#8243;][stm_spacer height=&#8221;80&#8243; height_tablet=&#8221;60&#8243; height_mobile=&#8221;40&#8243;][vc_column_text]</p>
<h4 style="text-align: center;">Promenade à cheval</h4>
<p>[/vc_column_text][stm_spacer height=&#8221;28&#8243;][vc_single_image image=&#8221;1574&#8243; img_size=&#8221;full&#8221;][vc_column_text]Dans un cadre typique et authentique de Camargue, au bord de l&#8217;étang du Vaccarès, en pleine réserve naturelle, différents parcours vous sont proposés par les cabanes de Cacharel. A cheval et en calèche, vous découvrirez de merveilleux paysages sauvages (roselières, sansouires, marais, étangs&#8230; )</p>
<p><a href="http://www.camargueacheval.com/promenade-cheval-camargue.html" target="_blank" rel="noopener noreferrer">Site des cabanes de Cacharel, CLIC ICI</a>[/vc_column_text][/vc_column][vc_column width=&#8221;1/4&#8243;][stm_spacer height=&#8221;80&#8243; height_tablet=&#8221;60&#8243; height_mobile=&#8221;40&#8243;][vc_column_text]</p>
<h4 style="text-align: center;">Visite de Manade</h4>
<p>[/vc_column_text][stm_spacer height=&#8221;28&#8243;][vc_single_image image=&#8221;1721&#8243; img_size=&#8221;full&#8221;][vc_column_text]Au cœur de la manade Saint Louis, en toute sécurité et accompagné par le manadier en personne ; il vous expliquera son métier et celui de ses gardians.<br />
Vous saurez tout sur l&#8217;élevage des taureaux de Camargue et les traditions Camarguaises.</p>
<p><a href="https://www.manade-saint-louis.com/" target="_blank" rel="noopener noreferrer">Site de la manade, CLIC ICI</a>[/vc_column_text][/vc_column][/vc_row][vc_row equal_height=&#8221;yes&#8221; shadow_x_offset=&#8221;0&#8243; shadow_y_offset=&#8221;0&#8243; shadow_blur=&#8221;0&#8243; shadow_spread=&#8221;0&#8243; shadow_color=&#8221;&#8221; stm_transparent_bg=&#8221;#fdf2d2&#8243;][vc_column width=&#8221;1/4&#8243;][stm_spacer height=&#8221;80&#8243; height_tablet=&#8221;60&#8243; height_mobile=&#8221;40&#8243;][stm_spacer height=&#8221;28&#8243;][/vc_column][vc_column width=&#8221;1/4&#8243;][stm_spacer height=&#8221;80&#8243; height_tablet=&#8221;60&#8243; height_mobile=&#8221;40&#8243;][/vc_column][vc_column width=&#8221;1/4&#8243;][stm_spacer height=&#8221;80&#8243; height_tablet=&#8221;60&#8243; height_mobile=&#8221;40&#8243;][/vc_column][vc_column width=&#8221;1/4&#8243;][stm_spacer height=&#8221;80&#8243; height_tablet=&#8221;60&#8243; height_mobile=&#8221;40&#8243;][vc_column_text]</p>
<h4 style="text-align: center;">Randonnées à cheval</h4>
<p>[/vc_column_text][stm_spacer height=&#8221;28&#8243;][vc_single_image image=&#8221;4007&#8243; img_size=&#8221;full&#8221;][vc_column_text]Un coucher du soleil flamboyant, un galop caressant le sable et les vagues échouées sur la plages, un vol de flamants roses et tant d’autres émotions, la Camargue offre chaque jour un magnifique spectacle.<br />
Ethique, environnement et respect du cheval, le nombre de cavaliers est limité pour privilégier la qualité de la prestation.</p>
<p><a href="https://www.provenceweb.fr/13/promenade-rieges/presentation.htm" target="_blank" rel="noopener">Réservation anticipée vivement conseillée CLIC ICI </a></p>
<p>&nbsp;</p>
<p>&nbsp;[/vc_column_text][/vc_column][/vc_row][vc_row][vc_column][stm_spacer height=&#8221;80&#8243; height_tablet=&#8221;60&#8243; height_mobile=&#8221;40&#8243;][/vc_column][/vc_row][vc_row][vc_column][/vc_column][/vc_row][/vc_section]</p>

<p>[vc_section][vc_row][vc_column][vc_column_text]Le Mas Fandelou est idéalement situé près de la méditerranée. Aux alentours, de belles villes au passé historique et à la beauté architecturale et de magnifiques musées enrichiront votre séjour. En quelques minutes, les plages de sable fin, Arles, marais salants d&#8217;Aigues-Mortes, taureaux, chevaux de Camargue et autres flamants roses vous émerveilleront. Mélissa se fera [&hellip;]</p>
